 digit of 333631305?
3
What is the hundred thousands digit of 12798818?
7
What is the hundreds digit of 2036431038?
0
What is the ten millions digit of 15607925?
1
What is the tens digit of 20638619?
1
What is the hundred millions digit of 119226901?
1
What is the thousands digit of 171237950?
7
What is the thousands digit of 114371535?
1
What is the hundreds digit of 47718484?
4
What is the units digit of 219646807?
7
What is the tens digit of 84264124?
2
What is the hundred thousands digit of 345041143?
0
What is the hundreds digit of 156893272?
2
What is the hundred millions digit of 854413852?
8
What is the hundred millions digit of 418443869?
4
What is the millions digit of 668646279?
8
What is the thousands digit of 173137880?
7
What is the thousands digit of 521317028?
7
What is the hundreds digit of 846814?
8
What is the hundreds digit of 49918141?
1
What is the units digit of 1240062087?
7
What is the millions digit of 1386092553?
6
What is the millions digit of 110191563?
0
What is the hundred millions digit of 2910493315?
9
What is the ten millions digit of 1223810592?
2
What is the millions digit of 103288439?
3
What is the tens digit of 4631804511?
1
What is the thousands digit of 46610835?
0
What is the units digit of 321517786?
6
What is the ten thousands digit of 542994126?
9
What is the tens digit of 2104132088?
8
What is the ten thousands digit of 2509535169?
3
What is the hundred millions digit of 120046155?
1
What is the millions digit of 688142254?
8
What is the units digit of 425207781?
1
What is the hundred thousands digit of 3907683462?
6
What is the hundreds digit of 38527162?
1
What is the ten thousands digit of 888105831?
0
What is the ten millions digit of 206584205?
0
What is the ten millions digit of 10696951?
1
What is the units digit of 25393121?
1
What is the hundred thousands digit of 24483254?
4
What is the millions digit of 18050307?
8
What is the ten millions digit of 138613403?
3
What is the millions digit of 25105669?
5
What is the tens digit of 437321500?
0
What is the tens digit of 57127318?
1
What is the hundred millions digit of 2340939102?
3
What is the thousands digit of 63936494?
6
What is the hundreds digit of 29755438?
4
What is the hundred thousands digit of 2541707626?
7
What is the ten thousands digit of 782156335?
5
What is the tens digit of 41832614?
1
What is the ten millions digit of 1587872248?
8
What is the tens digit of 314760457?
5
What is the units digit of 78659303?
3
What is the ten thousands digit of 164693187?
9
What is the tens digit of 4654802828?
2
What is the hundred thousands digit of 1298013442?
0
What is the hundreds digit of 81596105?
1
What is the hundreds digit of 359138094?
0
What is the tens digit of 33081721?
2
What is the units digit of 513258912?
2
What is the ten thousands digit of 150838693?
3
What is the units digit of 75898416?
6
What is the hundreds digit of 85547143?
1
What is the hundred thousands digit of 33416320?
4
What is the ten thousands digit of 5738694368?
9
What is the units digit of 555265385?
5
What is the millions digit of 720947561?
0
What is the hundred millions digit of 2640040756?
6
What is the hundreds digit of 384576215?
2
What is the thousands digit of 756283389?
3
What is the billions digit of 5168436194?
5
What is the millions digit of 274751032?
4
What is the millions digit of 66785379?
6
What is the tens digit of 183586818?
1
What is the tens digit of 65899957?
5
What is the units digit of 6988423154?
4
What is the ten millions digit of 2029475190?
2
What is the hundred millions digit of 631151845?
6
What is the ten thousands digit of 2580655789?
5
What is the ten millions digit of 195185745?
9
What is the units digit of 43792120?
0
What is the units digit of 34114057?
7
What is the ten thousands digit of 351018487?
1
What is the thousands digit of 135810786?
0
What is the ten thousands digit of 148476409?
7
What is the units digit of 725822964?
4
What is the millions digit of 79088581?
9
What is the thousands digit of 38511296?
1
What is the ten thousands digit of 878398707?
9
What is the tens digit of 175343462?
6
What is the ten thousands digit of 882387942?
8
What is the ten thousands digit of 1368421358?
2
What is the millions digit of 41131556?
1
What is the ten thousands digit of 110975631?
7
What is the hundreds digit of 1067811286?
2
What is the tens digit of 123544788?
8
What is the tens digit of 41758433?
3
What is the ten thousands digit of 501606458?
0
What is the units digit of 99031996?
6
What is the millions digit of 457689776?
7
What is the millions digit of 48962987?
8
What is the thousands digit of 3691590543?
0
What is the ten millions digit of 286764913?
8
What is the units digit of 108272469?
9
What is the ten millions digit of 102244019?
0
What is the hundred thousands digit of 1989704315?
7
What is the ten thousands digit of 469737720?
3
What is the ten thousands digit of 3033071149?
7
What is the units digit of 497676186?
6
What is the millions digit of 1492060160?
2
What is the millions digit of 78193225?
8
What is the units digit of 4595263?
3
What is the ten millions digit of 92257168?
9
What is the hundreds digit of 96426615?
6
What is the units digit of 2180819036?
6
What is the tens digit of 77605878?
7
What is the thousands digit of 1915316804?
6
What is the ten thousands digit of 30329130?
2
What is the units digit of 61849330?
0
What is the billions digit of 1096040336?
1
What is the ten millions digit of 5403230561?
0
What is the millions digit of 238493239?
8
What is the tens digit of 2700523417?
1
What is the hundreds digit of 2904296681?
6
What is the hundred millions digit of 3654748721?
6
What is the units digit of 897022877?
7
What is the hundreds digit of 50570751?
7
What is the thousands digit of 132149538?
9
What is the thousands digit of 366687782?
7
What is the ten thousands digit of 200202580?
0
What is the hundred thousands digit of 32788165?
7
What is the thousands digit of 3975086650?
6
What is the ten millions digit of 3025640920?
2
What is the units digit of 1163423911?
1
What is the thousands digit of 243688275?
8
What is the ten millions digit of 39009434?
3
What is the millions digit of 593629582?
3
What is the hundreds digit of 23923885?
8
What is the hundred thousands digit of 32878724?
8
What is the hundreds digit of 295280955?
9
What is the ten thousands digit of 397116429?
1
What is the thousands digit of 165118452?
8
What is the hundred millions digit of 637366361?
6
What is the hundred millions digit of 171777233?
1
What is the millions digit of 5018564?
5
What is the hundreds digit of 818887338?
3
What is the hundreds digit of 111905347?
3
What is the hundreds digit of 5511271422?
4
What is the thousands digit of 265761784?
1
What is the ten thousands digit of 90577081?
7
What is the millions digit of 45770881?
5
What is the units digit of 1778475?
5
What is the tens digit of 29806236?
3
What is the thousands digit of 715833925?
3
What is the hundreds digit of 47402322?
3
What is the ten thousands digit of 4383665056?
6
What is the hundreds digit of 2860586847?
8
What is the hundred millions digit of 1885237668?
8
What is the units digit of 200947985?
5
What is the thousands digit of 1980706845?
6
What is the units digit of 1282138904?
4
What is the hundred thousands digit of 915360107?
3
What is the hundreds digit of 956625025?
0
What is the hundred thousands digit of 8520198215?
1
What is the units digit of 20875044?
4
What is the ten millions digit of 891462670?
9
What is the ten millions digit of 536774588?
3
What is the ten thousands digit of 51501032?
0
What is the hundreds digit of 593595585?
5
What is the ten millions digit of 2426892378?
2
What is the tens digit of 111933003?
0
What is the units digit of 2308817647?
7
What is the hundred millions digit of 168586144?
1
What is the millions digit of 144710257?
4
What is the hundred thousands digit of 1124289371?
2
What is the hundred thousands digit of 83877922?
8
What is the hundreds digit of 96257994?
9
What is the ten millions digit of 319515410?
1
What is the thousands digit of 454661607?
1
What is the ten millions digit of 376514018?
7
What is the millions digit of 1232608191?
2
What is the hundreds digit of